-24
Let d(b) = 6*b + 6. Give d(1).
12
Let p(k) = k**3 - k**2 - 7*k + 8. Determine p(-5).
-107
Let w(l) = 17*l - 379. What is w(22)?
-5
Let t(c) = -c + 28. Calculate t(28).
0
Let c(k) = -17*k + 123. What is c(13)?
-98
Let z(t) = 6*t**2 - 125*t - 13. What is z(21)?
8
Let k(z) = z**2 - 4*z + 6. Give k(3).
3
Let b(i) = i**3 - 10*i**2 + 14*i - 4. What is b(8)?
-20
Let g(o) = -11*o - 388. Calculate g(-32).
-36
Let u(m) = -m**2 + 9*m - 14. What is u(7)?
0
Let g(h) = -23*h + 173. What is g(8)?
-11
Let a(m) = m. What is a(4)?
4
Let r(d) = -9*d + 84. Give r(12).
-24
Let p(i) = -i**3 + 22*i**2 - i + 27. What is p(22)?
5
Let k(h) = 14*h - 21. What is k(0)?
-21
Let f(t) = t**3 - 57*t**2 + 161*t + 56. What is f(54)?
2
Let c(n) = 2*n - 23. Determine c(8).
-7
Let x(m) = -6*m + 2. What is x(7)?
-40
Let w(t) = t**3 - 12*t**2 - 50*t + 76. Determine w(15).
1
Let n(r) = -3*r - 126. Calculate n(-18).
-72
Let m(w) = -w**3 + 7*w**2 - 5*w - 7. Give m(6).
-1
Let q(s) = -61*s - 440. Determine q(-7).
-13
Let w(u) = -u**2 - 5*u + 27. What is w(-8)?
3
Let s(n) = 4*n - 5. Give s(-12).
-53
Let f(r) = 10*r - 5. Determine f(-2).
-25
Let v(d) = d**3 - 9*d**2 - d + 9. Determine v(9).
0
Let t(f) = -23*f + 14. Determine t(0).
14
Let g(n) = -4*n**2 - 103*n + 7. Give g(-26).
-19
Let k(y) = -y**3 + 6*y**2 - 4*y - 2. Determine k(5).
3
Let v(i) = -4*i - 1. Calculate v(-4).
15
Let w(h) = 7*h**2 + 2*h - 2. Give w(-2).
22
Let z(y) = -22*y + 62. Determine z(4).
-26
Let w(j) = -6*j - 37. Calculate w(-6).
-1
Let t(h) = h**2 - 6*h - 34. Determine t(-5).
21
Let j(y) = -143*y**2 - 3*y - 4. Give j(-1).
-144
Let d(m) = -m - 4. Calculate d(3).
-7
Let b(k) = -30*k**2 + 2*k - 2. Give b(1).
-30
Let a(p) = 3*p**2 + p + 1. Calculate a(2).
15
Let x(b) = -2*b**3 + 3*b**2 - 2*b + 4. Give x(2).
-4
Let q(n) = -n**3 - n**2 + 20*n + 20. What is q(-4)?
-12
Let q(w) = -w**3 - 6*w**2 + 3*w - 4. What is q(-7)?
24
Let a(x) = 19*x**3 + x**2 - 2*x + 1. Give a(1).
19
Let m(h) = -8*h + 27. Give m(13).
-77
Let p(n) = -2*n + 21. What is p(12)?
-3
Let a(o) = o - 11. Calculate a(4).
-7
Let u(j) = j**2 - 17*j + 11. What is u(17)?
11
Let f(k) = -k**3 - 14*k**2 - 12*k + 11. Determine f(-13).
-2
Let u(m) = -m**2 - 8*m - 6. Calculate u(-6).
6
Let r(g) = g**3 + 5*g**2 + 9*g. Calculate r(-2).
-6
Let b(x) = -x**2 + 10*x - 6. Give b(11).
-17
Let a(y) = 67*y + 14. Give a(-1).
-53
Let y(i) = i**2 - 39*i - 22. Give y(39).
-22
Let d(a) = 7*a + 77. What is d(-13)?
-14
Let d(y) = y**2 - 22*y + 2. Give d(22).
2
Let d(j) = j**3 - 16*j**2 + 42*j - 17. What is d(13)?
22
Let b(g) = g**3 + 3*g**2 - g - 2. Determine b(-3).
1
Let i(g) = g**3 - 5*g**2 + 6. Calculate i(5).
6
Let t(a) = 4*a**3 + 39*a**2 - 14*a - 38. What is t(-10)?
2
Let b(i) = i**3 - 7*i**2 - 22*i + 14. Calculate b(10).
94
Let a(w) = -2*w**3 + 3*w**2 + 8*w + 9. What is a(4)?
-39
Let m(d) = -46*d + 145. Give m(3).
7
Let p(t) = -t**3 + 7*t**2 - t - 1. Determine p(5).
44
Let h(w) = -7*w**2 - 3*w + 4. Give h(-4).
-96
Let n(a) = 3*a**2 - 3*a - 1. What is n(2)?
5
Let m(r) = r**2 - 9*r + 9. What is m(9)?
9
Let z(r) = 2*r**2 + r - 165. Determine z(9).
6
Let c(b) = b**2 - 3*b - 4. Determine c(6).
14
Let t(c) = -2*c**2 + 3*c + 63. Calculate t(-5).
-2
Let n(i) = -3*i + 32. What is n(11)?
-1
Let v(s) = s**3 + 13*s**2 - 16*s - 17. Determine v(-14).
11
Let h(n) = -n - 75. Calculate h(-20).
-55
Let a(w) = 5*w - 1. Calculate a(-4).
-21
Let a(z) = -2*z**2 - 6*z + 4. Give a(-2).
8
Let a(q) = -2*q**2 + q + 1. Calculate a(-1).
-2
Let n(u) = -u**3 + 4*u**2 + 5*u + 10. Determine n(6).
-32
Let o(s) = 28*s + 27. Determine o(-6).
-141
Let x(n) = n + 5. Give x(-9).
-4
Let t(s) = -s**3 + 7*s**2 - 3*s + 15. What is t(7)?
-6
Let u(n) = -n**3 - 34*n**2 + 26*n - 314. What is u(-35)?
1
Let m(y) = -y**2 - 10*y + 24. Give m(-8).
40
Let q(k) = -k**3 - 3*k**2 - 2*k - 1. Calculate q(4).
-121
Let l(s) = s**3 + 14*s**2 + 11*s - 31. What is l(-13)?
-5
Let n(i) = 5*i**3 + 6*i**2 - 4*i - 1. What is n(-2)?
-9
Let z(o) = -o**3 + 5*o**2 - 4*o - 1. What is z(4)?
-1
Let n(o) = -o**3 + 9*o**2 + 3*o - 18. Give n(9).
9
Let r(v) = -v**2 - 12*v - 31. What is r(-3)?
-4
Let l(t) = t**2 - 2*t + 32. Determine l(0).
32
Let d(h) = -h**3 + 11*h**2 - 16*h - 30. Give d(9).
-12
Let j(m) = -m - 1. Determine j(-4).
3
Let m(s) = -s**2 - s + 4. Calculate m(0).
4
Let w(t) = t**3 + 10*t**2 - 11*t - 6. Calculate w(-11).
-6
Let k(y) = -4*y - 21. What is k(-7)?
7
Let c(b) = 3*b**3 - 4*b**2 + 5*b - 3. Calculate c(2).
15
Let y(c) = 3*c**2 - 12*c + 17. What is y(2)?
5
Let i(k) = -k**3 - 5*k**2 - 2*k - 7. Give i(-5).
3
Let h(k) = k**3 + 3*k**2 + 2*k + 23. Give h(0).
23
Let s(x) = 3*x**2 - 4*x - 4. Give s(4).
28
Let z(o) = -2*o**3 - 5*o**2 - 4*o. Calculate z(-3).
21
Let v(p) = 65*p**2 - 2*p - 2. What is v(-1)?
65
Let f(i) = -18*i - 3. Give f(3).
-57
Let j(f) = 4*f**2 - 16*f + 45. Give j(5).
65
Let h(k) = 4*k + 25. Calculate h(-17).
-43
Let d(s) = -12*s - 6. Calculate d(-1).
6
Let c(z) = 17*z - 468. What is c(28)?
8
Let w(z) = z**2 - 4. Determine w(-2).
0
Let b(j) = 8*j**3 + 2*j**2 - 10*j + 8. Calculate b(1).
8
Let s(i) = -3*i + 23. Calculate s(8).
-1
Let g(r) = -6*r**2 + 18*r - 2. Give g(3).
-2
Let f(p) = -p**2 - 5*p + 6. Determine f(-5).
6
Let u(w) = 20*w + 22. Give u(-1).
2
Let g(q) = q**2 - 12*q + 49. Determine g(3).
22
Let y(u) = 2*u**2 - 12*u + 9. What is y(8)?
41
Let y(m) = -8*m + 33. Determine y(4).
1
Let b(v) = v**3 - 11*v**2 + 18*v + 18. Give b(9).
18
Let p(y) = y**3 + 3*y**2 - 9*y + 3. Calculate p(2).
5
Let l(p) = -p**3 - 8*p**2 - 12*p + 9. Give l(-5).
-6
Let j(w) = -33*w + 188. What is j(6)?
-10
Let n(c) = c**2 + 13*c + 12. Calculate n(-12).
0
Let p(b) = -b**3 - 2*b**2. Give p(0).
0
Let x(n) = n**2 - 55*n - 110. Give x(57).
4
Let f(a) = -a**3 + 10*a**2 - 13*a + 2. Calculate f(9).
-34
Let y(u) = 2*u - 28. Give y(16).
4
Let k(o) = -4*o**2 - 3*o + 5. What is k(4)?
-71
Let o(l) = -l**2 + 10*l - 9. Give o(1).
0
Let c(l) = -l**2 - 11*l - 44. Calculate c(-9).
-26
Let q(w) = 5*w + 9. What is q(9)?
54
Let p(j) = -22*j - 1. What is p(-1)?
21
Let t(w) = w**3 + 7*w**2 + w - 4. Give t(-7).
-11
Let c(g) = 4*g**2 + 4*g - 2. What is c(-2)?
6
Let s(r) = -r + 2. Calculate s(-11).
13
Let i(k) = -k**2 - 26*k - 141. Give i(-7).
-8
Let l(h) = h**2 + 3*h - 186. Calculate l(12).
-6
Let h(j) = 10*j**3 + 2*j**2 - 3*j + 2. What is h(1)?
11
Let i(t) = -2*t**3 - 55*t**2 + 28*t + 10. Determine i(-28).
10
Let u(p) = p**3 + 8*p**2 + 7*p + 4. What is u(-6)?
34
Let c(a) = 2*a**2 - 15*a - 29. Calculate c(9).
-2
Let a(h) = -h**3 + 24*h**2 - 4. Determine a(24).
-4
Let l(w) = -w**3 + 7*w**2 + 8*w - 13. What is l(8)?
-13
Let x(d) = d**2 - 7*d + 8. Determine x(4).
-4
Let q(k) = 2*k - 20. What is q(12)?
4
Let b(l) = l**2 - 11*l + 23. Calculate b(7).
-5
Let s(j) = 30*j - 334. Give s(11).
-4
Let g(t) = -t**2 + 19*t - 74. Give g(12).
10
Let n(y) = -27*y**2 - 460*y - 23. Determine n(-17).
-6
Let l(w) = 2*w**2 - 35*w - 12. Give l(18).
6
Let n(t) = -t**2 - 18*t - 28. Calculate n(-16).
4
Let r(x) = 4*x + 15. What is r(-5)?
-5
Let t(q) = -q**3 + 7*q**2 - q - 5. What is t(4)?
39
Let f(m) = -m + 8. Calculate f(6).
2
Let u(m) = 27*m**2 + m. Give u(1).
28
Let f(h) = -h**3 - 12*h**2 + 13*h - 23. What is f(-13)?
-23
Let j(b) = -3*b - 11. Determine j(-3).
-2
Let c(u) = u - 22. What is c(10)?
-12
Let o(c) = 21*c + 385. Give o(-18).
7
Let y(r) = -4*r**2 + 26*r + 20. Determine y(7).
6
Let a(l) = l**3 - l**2 + 10. Give a(0).
10
Let h(k) = 208*k**3 - 4*k**2 + 1. What is h(1)?
205
Let y(k) = 2*k**2 - 11*k + 1. Determine y(7).
22
Let d(f) = -f - 41. Determine d(-7).
-34
Let d(j) = 116*j**3 - 2*j**2 + 2*j - 2. Determine d(1).
114
Let m(w) = w**3 - 8*w**2 + 5*w + 26. What is m(6)?
-16
Let g(z) = 2*z**3 - 17*z**2 + 7*z. Calculate g(8).
-8
Let w(a) = -2*a + 11. Calculate w(2).
7
Let s(k) = k**2 - 20*k + 120. Give s(10).
20
Let m(v) = v**3 + 18*v**2 - 35*v + 102. Calculate m(-20).
2
Let c(q) = -6*q**2 + 7*q - 19. Give c(3).
-52
Let t(j) = -j**3 - 10*j**2 + 11*j + 15. Determine t(-11).
15
Let l(k) = 8*k + 3. What is l(-1)?
-5
Let n(o) = -3*o - 1. Give n(1).
-4
Let w(f) = -5*f - 53. Calculate w(-9).
-8
Let w(r) = 20*r + 211. Determine w(-11).
-9
Let v(m) = -19*m + 49. What is v(3)?
-8
Let t(w) = 7*w + 48. Give t(-13).
-43
Let c(u) = 4*u - 111. What is c(31)?
13
Let t(n) = -n**3 - n**2 - 2*n - 2. Calculate t